17, 53
List the prime factors of 113179.
11, 10289
What are the prime factors of 2391386?
2, 1195693
List the prime factors of 2036251.
7, 191, 1523
List the prime factors of 14700094.
2, 1019, 7213
List the prime factors of 318261.
3, 106087
What are the prime factors of 351838?
2, 175919
What are the prime factors of 3126893?
7, 11, 40609
List the prime factors of 728573.
728573
What are the prime factors of 166827?
3, 55609
List the prime factors of 375706.
2, 19, 9887
List the prime factors of 1122800.
2, 5, 7, 401
What are the prime factors of 1658658?
2, 3, 276443
List the prime factors of 10927086.
2, 3, 1821181
What are the prime factors of 7723209?
3, 13, 198031
What are the prime factors of 227649?
3, 75883
List the prime factors of 231594.
2, 3, 11, 29
What are the prime factors of 3990739?
277, 14407
List the prime factors of 17039339.
17039339
What are the prime factors of 137594?
2, 89, 773
What are the prime factors of 3446721?
3, 59, 6491
List the prime factors of 772200.
2, 3, 5, 11, 13
What are the prime factors of 1825819?
1825819
List the prime factors of 210645.
3, 5, 31, 151
What are the prime factors of 685797?
3, 7, 17, 113
What are the prime factors of 2929419?
3, 108497
List the prime factors of 20456.
2, 2557
What are the prime factors of 383293?
29, 13217
What are the prime factors of 332137?
13, 29, 881
What are the prime factors of 33286080?
2, 3, 5, 34673
List the prime factors of 4630207.
4630207
List the prime factors of 12941049.
3, 11, 392153
What are the prime factors of 927992?
2, 13, 8923
List the prime factors of 19417767.
3, 83, 77983
What are the prime factors of 811815?
3, 5, 54121
List the prime factors of 5777369.
13, 521, 853
List the prime factors of 168144.
2, 3, 31, 113
What are the prime factors of 1483191?
3, 18311
What are the prime factors of 155041?
227, 683
What are the prime factors of 5565764?
2, 1391441
List the prime factors of 1299573.
3, 11, 13127
List the prime factors of 13012416.
2, 3, 19, 29, 41
List the prime factors of 9716437.
53, 183329
What are the prime factors of 1533546?
2, 3, 7, 4057
List the prime factors of 6842043.
3, 13, 101, 193
List the prime factors of 560238.
2, 3, 7, 13339
What are the prime factors of 16228701?
3, 647, 929
List the prime factors of 77953.
137, 569
What are the prime factors of 411029?
31, 13259
List the prime factors of 250640.
2, 5, 13, 241
List the prime factors of 2272346.
2, 761, 1493
List the prime factors of 491821.
11, 44711
What are the prime factors of 2982198?
2, 3, 307, 1619
List the prime factors of 495818.
2, 173, 1433
List the prime factors of 1585621.
271, 5851
List the prime factors of 1215711.
3, 7, 23, 839
What are the prime factors of 12855336?
2, 3, 13, 41203
What are the prime factors of 2230656?
2, 3, 37, 157
What are the prime factors of 3742273?
3742273
What are the prime factors of 3453317?
7, 487, 1013
What are the prime factors of 137666?
2, 17, 4049
What are the prime factors of 3455838?
2, 3, 63997
List the prime factors of 126325.
5, 31, 163
What are the prime factors of 256194?
2, 3, 43, 331
What are the prime factors of 10161971?
17, 211, 2833
What are the prime factors of 1341701?
1341701
List the prime factors of 9363654.
2, 3, 59, 2939
What are the prime factors of 16507094?
2, 811, 10177
List the prime factors of 94646.
2, 37, 1279
List the prime factors of 311731.
7, 44533
What are the prime factors of 182975?
5, 13, 563
List the prime factors of 889325.
5, 35573
List the prime factors of 4970359.
163, 30493
What are the prime factors of 364282?
2, 182141
List the prime factors of 19254471.
3, 283, 22679
What are the prime factors of 832868?
2, 208217
What are the prime factors of 3010146?
2, 3, 501691
List the prime factors of 164381.
7, 23, 1021
List the prime factors of 1306039.
7, 43, 4339
List the prime factors of 699668.
2, 174917
What are the prime factors of 20765039?
4391, 4729
What are the prime factors of 214543?
7, 30649
What are the prime factors of 1741610?
2, 5, 13, 13397
What are the prime factors of 5095338?
2, 3, 849223
List the prime factors of 2113796.
2, 41, 12889
What are the prime factors of 1179141?
3, 23, 743
What are the prime factors of 3120780?
2, 3, 5, 13, 4001
List the prime factors of 488769.
3, 191, 853
What are the prime factors of 1928734?
2, 23, 1823
List the prime factors of 5170114.
2, 2585057
List the prime factors of 29878333.
17, 1757549
List the prime factors of 827073.
3, 13, 7069
List the prime factors of 23121283.
23121283
What are the prime factors of 13417796?
2, 7, 347, 1381
List the prime factors of 71346.
2, 3, 11, 23, 47
What are the prime factors of 512000?
2, 5
List the prime factors of 2937073.
17, 197, 877
What are the prime factors of 14637746?
2, 1049, 6977
List the prime factors of 2547967.
2547967
List the prime factors of 285326.
2, 179, 797
What are the prime factors of 12841791?
3, 269, 15913
What are the prime factors of 5317901?
5317901
What are the prime factors of 593465?
5, 19, 6247
What are the prime factors of 10318202?
2, 191, 27011
What are the prime factors of 242611?
19, 113
What are the prime factors of 170858?
2, 85429
List the prime factors of 1231572.
2, 3, 29, 3539
List the prime factors of 3939460.
2, 5, 7, 19, 1481
List the prime factors of 258451.
17, 23, 661
List the prime factors of 67255.
5, 13451
What are the prime factors of 191953?
191953
What are the prime factors of 7652878?
2, 3826439
What are the prime factors of 780309?
3, 277, 313
What are the prime factors of 4598396?
2, 11, 41, 2549
List the prime factors of 216605.
5, 43321
List the prime factors of 99318.
2, 3, 16553
List the prime factors of 159885.
3, 5, 11, 17, 19
What are the prime factors of 216616?
2, 27077
What are the prime factors of 4746630?
2, 3, 5, 7, 3229
What are the prime factors of 5458230?
2, 3, 5, 60647
What are the prime factors of 5354836?
2, 139, 9631
List the prime factors of 423029.
109, 3881
List the prime factors of 4019728.
2, 251233
List the prime factors of 568127.
7, 277, 293
What are the prime factors of 20585010?
2, 3, 5, 263, 2609
What are the prime factors of 541531?
541531
List the prime factors of 253892.
2, 63473
What are the prime factors of 12927729?
3, 4309243
What are the prime factors of 753925?
5, 53, 569
List the prime factors of 3077.
17, 181
List the prime factors of 2379038.
2, 107, 11117
What are the prime factors of 28952317?
127, 277, 823
What are the prime factors of 8852838?
2, 3, 23, 64151
List the prime factors of 57401.
61, 941
List the prime factors of 4021293.
3, 19, 70549
List the prime factors of 250649.
7, 61, 587
List the prime factors of 4903105.
5, 980621
List the prime factors of 160079.
160079
List the prime factors of 6598609.
439, 15031
List the prime factors of 1961885.
5, 17, 23081
What are the prime factors of 9490815?
3, 5, 210907
List the prime factors of 286142.
2, 173, 827
What are the prime factors of 6874669?
67, 102607
List the prime factors of 49462.
2, 7, 3533
List the prime factors of 120276.
2, 3, 13, 257
List the prime factors of 4187382.
2, 3, 697897
What are the prime factors of 984527?
499, 1973
What are the prime factors of 929618?
2, 464809
What are the prime factors of 14101223?
1307, 10789
What are the prime factors of 38732?
2, 23, 421
List the prime factors of 2761171.
7, 394453
What are the prime factors of 115566?
2, 3, 11, 17, 103
What are the prime factors of 42?
2, 3, 7
What are the prime factors of 221123?
7, 31, 1019
What are the prime factors of 4110078?
2, 3, 7, 97859
What are the prime factors of 654063?
3, 218021
List the prime factors of 403906.
2, 201953
List the prime factors of 305072.
2, 23, 829
List the prime factors of 196354.
2, 31, 3167
List the prime factors of 9272870.
2, 5, 927287
What are the prime factors of 161826?
2, 3, 7, 3853
What are the prime factors of 1494272?
2, 13, 449
List the prime factors of 2132154.
2, 3, 118453
List the prime factors of 37186280.
2, 5, 409, 2273
What are the prime factors of 8403109?
11, 13, 58763
List the prime factors of 33823362.
2, 3, 47, 277, 433
What are the prime factors of 611497?
611497
What are the prime factors of 1199704?
2, 11, 13633
List the prime factors of 6576718.
2, 3288359
List the prime factors o